{"id":618,"date":"2010-02-05T19:09:02","date_gmt":"2010-02-05T18:09:02","guid":{"rendered":"http:\/\/www.fundaciojvfoix.org\/?page_id=618"},"modified":"2017-02-17T04:39:12","modified_gmt":"2017-02-17T02:39:12","slug":"accessibilitat","status":"publish","type":"page","link":"https:\/\/fundaciojvfoix.org\/ca\/accessibilitat\/","title":{"rendered":"Accessibilitat"},"content":{"rendered":"<p>El web de la Fundaci\u00f3 J. V. Foix s&#8217;ha creat amb l&#8217;\u00e0nim de facilitar l&#8217;acc\u00e9s universal, i per aix\u00f2 s&#8217;adapta a les recomanacions del Consorci World Wide Web &#8211; W3C a fi d&#8217;eliminar les barreres que impedeixen el dret de qualsevol persona d&#8217;accedir a la informaci\u00f3 i la comunicaci\u00f3.<\/p>\n<p>A fi d&#8217;augmentar les dimensions de tot el que es veu a la pantalla, s&#8217;ha de pr\u00e9mer la tecla CTRL i alhora moure la rodeta del ratol\u00ed.<\/p>\n<p><img loading=\"lazy\" decoding=\"async\" alt=\"\" src=\"\/\/www.fundaciojvfoix.org\/wp-content\/themes\/foix\/images\/w3c.png\" class=\"alignnone\" width=\"88\" height=\"31\" \/><\/p>","protected":false},"excerpt":{"rendered":"<p>El web de la Fundaci\u00f3 J. V. Foix s&#8217;ha creat amb l&#8217;\u00e0nim de facilitar l&#8217;acc\u00e9s universal, i per aix\u00f2 s&#8217;adapta a les recomanacions del Consorci World Wide Web &#8211; W3C a fi d&#8217;eliminar les barreres que impedeixen el dret de qualsevol persona d&#8217;accedir a la informaci\u00f3 i la comunicaci\u00f3. A fi d&#8217;augmentar les dimensions de&#8230;<\/p>\n","protected":false},"author":3,"featured_media":0,"parent":0,"menu_order":0,"comment_status":"open","ping_status":"open","template":"","meta":{"ngg_post_thumbnail":0,"footnotes":""},"class_list":["post-618","page","type-page","status-publish","hentry"],"aioseo_notices":[],"_links":{"self":[{"href":"https:\/\/fundaciojvfoix.org\/ca\/wp-json\/wp\/v2\/pages\/618","targetHints":{"allow":["GET"]}}],"collection":[{"href":"https:\/\/fundaciojvfoix.org\/ca\/wp-json\/wp\/v2\/pages"}],"about":[{"href":"https:\/\/fundaciojvfoix.org\/ca\/wp-json\/wp\/v2\/types\/page"}],"author":[{"embeddable":true,"href":"https:\/\/fundaciojvfoix.org\/ca\/wp-json\/wp\/v2\/users\/3"}],"replies":[{"embeddable":true,"href":"https:\/\/fundaciojvfoix.org\/ca\/wp-json\/wp\/v2\/comments?post=618"}],"version-history":[{"count":5,"href":"https:\/\/fundaciojvfoix.org\/ca\/wp-json\/wp\/v2\/pages\/618\/revisions"}],"predecessor-version":[{"id":9425,"href":"https:\/\/fundaciojvfoix.org\/ca\/wp-json\/wp\/v2\/pages\/618\/revisions\/9425"}],"wp:attachment":[{"href":"https:\/\/fundaciojvfoix.org\/ca\/wp-json\/wp\/v2\/media?parent=618"}],"curies":[{"name":"wp","href":"https:\/\/api.w.org\/{rel}","templated":true}]}}

<p>El web de la Fundació J. V. Foix s&#8217;ha creat amb l&#8217;ànim de facilitar l&#8217;accés universal, i per això s&#8217;adapta a les recomanacions del Consorci World Wide Web &#8211; W3C a fi d&#8217;eliminar les barreres que impedeixen el dret de qualsevol persona d&#8217;accedir a la informació i la comunicació.</p>
<p>A fi d&#8217;augmentar les dimensions de tot el que es veu a la pantalla, s&#8217;ha de prémer la tecla CTRL i alhora moure la rodeta del ratolí.</p>
<p><img loading="lazy" decoding="async" alt="" src="//www.fundaciojvfoix.org/wp-content/themes/foix/images/w3c.png" class="alignnone" width="88" height="31" /></p>

<p>El web de la Fundació J. V. Foix s&#8217;ha creat amb l&#8217;ànim de facilitar l&#8217;accés universal, i per això s&#8217;adapta a les recomanacions del Consorci World Wide Web &#8211; W3C a fi d&#8217;eliminar les barreres que impedeixen el dret de qualsevol persona d&#8217;accedir a la informació i la comunicació. A fi d&#8217;augmentar les dimensions de&#8230;</p>
